{"id":9551,"date":"2026-04-24T13:00:58","date_gmt":"2026-04-24T13:00:58","guid":{"rendered":"https:\/\/lamaquinadelahorro.es\/index.php\/producto\/b0fwd8fsdy-2\/"},"modified":"2026-04-24T13:00:58","modified_gmt":"2026-04-24T13:00:58","slug":"b0fwd8fsdy-2","status":"publish","type":"product","link":"https:\/\/lamaquinadelahorro.es\/index.php\/producto\/b0fwd8fsdy-2\/","title":{"rendered":"B0FWD8FSDY"},"content":{"rendered":"<p>&#8211; Delantal limpieza destinada a vestuario&lt;br laboral sanidad, est\u00e9tica, limpieza, y de hosteler\u00eda o veterinaria.<br \/>\n&#8211; Bolsillo delantero grande para un uso c\u00f3modo de almacenaje, 65% poli\u00e9ster, 35% algod\u00f3n<br \/>\n&#8211; Delantal forma camiseta para mujer, coloridos, cuello redondo, y detalles de ribetes en los bordes del delantal<br \/>\n&#8211; Ideal para uniformes en cl\u00ednicas de est\u00e9tica, veterinarias, hospital, peluquer\u00edas, etc.. Uso diario..<br \/>\n&#8211; Delantal colorido en forma de camisa para mujer, detalle de bolsillo en la parte delantera a la altura del abdomen, los laterales se puede ajustar por clips.<\/p>\n","protected":false},"excerpt":{"rendered":"<p><b>MISEMIYA &#8211; Paquete 5 Unidades &#8211; Delantal Limpieza Uniforme Laboral CLINICA M\u00c9DICOS Limpieza Veterinaria Sanitarios HOSTELER\u00cdA 5-868<\/b><\/p>\n","protected":false},"featured_media":9550,"comment_status":"open","ping_status":"closed","template":"","meta":[],"product_brand":[],"product_cat":[15],"product_tag":[],"class_list":{"0":"post-9551","1":"product","2":"type-product","3":"status-publish","4":"has-post-thumbnail","6":"product_cat-sin-categorizar","8":"first","9":"instock","10":"shipping-taxable","11":"product-type-external"},"_links":{"self":[{"href":"https:\/\/lamaquinadelahorro.es\/index.php\/wp-json\/wp\/v2\/product\/9551","targetHints":{"allow":["GET"]}}],"collection":[{"href":"https:\/\/lamaquinadelahorro.es\/index.php\/wp-json\/wp\/v2\/product"}],"about":[{"href":"https:\/\/lamaquinadelahorro.es\/index.php\/wp-json\/wp\/v2\/types\/product"}],"replies":[{"embeddable":true,"href":"https:\/\/lamaquinadelahorro.es\/index.php\/wp-json\/wp\/v2\/comments?post=9551"}],"wp:featuredmedia":[{"embeddable":true,"href":"https:\/\/lamaquinadelahorro.es\/index.php\/wp-json\/wp\/v2\/media\/9550"}],"wp:attachment":[{"href":"https:\/\/lamaquinadelahorro.es\/index.php\/wp-json\/wp\/v2\/media?parent=9551"}],"wp:term":[{"taxonomy":"product_brand","embeddable":true,"href":"https:\/\/lamaquinadelahorro.es\/index.php\/wp-json\/wp\/v2\/product_brand?post=9551"},{"taxonomy":"product_cat","embeddable":true,"href":"https:\/\/lamaquinadelahorro.es\/index.php\/wp-json\/wp\/v2\/product_cat?post=9551"},{"taxonomy":"product_tag","embeddable":true,"href":"https:\/\/lamaquinadelahorro.es\/index.php\/wp-json\/wp\/v2\/product_tag?post=9551"}],"curies":[{"name":"wp","href":"https:\/\/api.w.org\/{rel}","templated":true}]}}