{"id":9521,"date":"2026-04-23T19:30:32","date_gmt":"2026-04-23T19:30:32","guid":{"rendered":"https:\/\/lamaquinadelahorro.es\/index.php\/producto\/b09vntdd93\/"},"modified":"2026-04-23T19:30:32","modified_gmt":"2026-04-23T19:30:32","slug":"b09vntdd93","status":"publish","type":"product","link":"https:\/\/lamaquinadelahorro.es\/index.php\/producto\/b09vntdd93\/","title":{"rendered":"B09VNTDD93"},"content":{"rendered":"<p>&#8211; \u2714 [ Especificaci\u00f3n ] &#8211; 143,7 cm x 203,7 cm x 45,72 cm<br \/>\n&#8211; \u2714 [ Fuerte y resistente ]: Dise\u00f1o resistente y materiales fuertes utilizados para mejorar la seguridad y minimizar cualquier sonido chirriante<br \/>\n&#8211; \u2714 [ Montaje f\u00e1cil ] &#8211; F\u00e1cil de montar en cuesti\u00f3n de minutos (todas las herramientas, piezas e instrucciones incluidas)<br \/>\n&#8211; \u2714 [ Evita el movimiento del colch\u00f3n ] &#8211; El exclusivo dise\u00f1o de marco y listones de acero permite que el colch\u00f3n se asiente y descanse perfectamente en el marco, para evitar que se deslice o se tambalee<br \/>\n&#8211; \u2714 [ Almacenamiento temporal ] &#8211; Amplio espacio de almacenamiento debajo del marco de aproximadamente 34 cm, proporciona una eficiencia de espacio m\u00e1xima para almacenar ropa de cama, ropa fuera de temporada y otros<\/p>\n","protected":false},"excerpt":{"rendered":"<p><b>Oleesleep 45cm Marco de Cama de Acero Robusto \/ Lama de Acero \/ Soporte Antideslizante \/ Base de Colch\u00f3n \/ Cama de Metal \/ Somier \/ Cama \/ 140 x 200cm \/ Negro \/ Metal<\/b><\/p>\n","protected":false},"featured_media":9520,"comment_status":"open","ping_status":"closed","template":"","meta":[],"product_brand":[],"product_cat":[15],"product_tag":[],"class_list":{"0":"post-9521","1":"product","2":"type-product","3":"status-publish","4":"has-post-thumbnail","6":"product_cat-sin-categorizar","8":"first","9":"instock","10":"shipping-taxable","11":"product-type-external"},"_links":{"self":[{"href":"https:\/\/lamaquinadelahorro.es\/index.php\/wp-json\/wp\/v2\/product\/9521","targetHints":{"allow":["GET"]}}],"collection":[{"href":"https:\/\/lamaquinadelahorro.es\/index.php\/wp-json\/wp\/v2\/product"}],"about":[{"href":"https:\/\/lamaquinadelahorro.es\/index.php\/wp-json\/wp\/v2\/types\/product"}],"replies":[{"embeddable":true,"href":"https:\/\/lamaquinadelahorro.es\/index.php\/wp-json\/wp\/v2\/comments?post=9521"}],"wp:featuredmedia":[{"embeddable":true,"href":"https:\/\/lamaquinadelahorro.es\/index.php\/wp-json\/wp\/v2\/media\/9520"}],"wp:attachment":[{"href":"https:\/\/lamaquinadelahorro.es\/index.php\/wp-json\/wp\/v2\/media?parent=9521"}],"wp:term":[{"taxonomy":"product_brand","embeddable":true,"href":"https:\/\/lamaquinadelahorro.es\/index.php\/wp-json\/wp\/v2\/product_brand?post=9521"},{"taxonomy":"product_cat","embeddable":true,"href":"https:\/\/lamaquinadelahorro.es\/index.php\/wp-json\/wp\/v2\/product_cat?post=9521"},{"taxonomy":"product_tag","embeddable":true,"href":"https:\/\/lamaquinadelahorro.es\/index.php\/wp-json\/wp\/v2\/product_tag?post=9521"}],"curies":[{"name":"wp","href":"https:\/\/api.w.org\/{rel}","templated":true}]}}